320 a multiple of 136?
True
Does 16 divide 224002?
False
Is 35 a factor of 60164?
False
Is 87 a factor of 15345949?
False
Does 126 divide 1490161?
False
Is 391838 a multiple of 36?
False
Is 14 a factor of 3143425?
False
Is 743850 a multiple of 150?
True
Is 948342 a multiple of 15?
False
Does 7 divide 756812?
True
Does 2657 divide 1086813?
False
Is 796 a factor of 16324731?
False
Is 198747 a multiple of 176?
False
Does 5 divide 166510?
True
Is 13047 even?
False
Does 21 divide 2293?
False
Is 47880 a multiple of 133?
True
Does 174 divide 7099443?
False
Does 210 divide 4246556?
False
Is 32 a factor of 329250?
False
Is 4425620 a multiple of 9?
False
Is 59373 a multiple of 3?
True
Is 1138428 a multiple of 12?
True
Does 10 divide 88716?
False
Is 219163 a multiple of 131?
True
Is 741406 a multiple of 233?
True
Is 34 a factor of 94928?
True
Does 690 divide 2272860?
True
Is 8840850 a multiple of 75?
True
Does 23 divide 664792?
True
Is 2597584 a multiple of 60?
False
Is 1710 a multiple of 5?
True
Is 667 a factor of 1829581?
True
Is 322 a factor of 37354?
False
Does 14 divide 6766396?
True
Is 356216 a multiple of 14?
True
Is 101 a factor of 66651?
False
Is 148 a factor of 1730564?
True
Is 71 a factor of 2540748?
False
Does 67 divide 696521?
False
Is 5941428 a multiple of 832?
False
Is 62 a factor of 391001?
False
Does 89 divide 230562?
False
Is 1589568 a multiple of 10?
False
Is 4629124 a multiple of 66?
False
Does 204 divide 151745?
False
Does 345 divide 120511?
False
Does 83 divide 4354263?
True
Is 10 a factor of 281340?
True
Is 2816814 a multiple of 13?
True
Is 533436 even?
True
Is 47 a factor of 7659402?
True
Is 5105960 a multiple of 20?
True
Does 26 divide 983060?
True
Does 69 divide 1177830?
True
Is 3 a factor of 3365556?
True
Is 46 a factor of 2392?
True
Does 140 divide 2584568?
False
Is 1320808 a multiple of 428?
True
Does 13 divide 329056?
True
Is 34 a factor of 6742302?
True
Is 36 a factor of 730018?
False
Is 53333 a multiple of 19?
True
Is 69 a factor of 359797?
False
Is 2022804 a multiple of 252?
True
Does 258 divide 300054?
True
Is 8 a factor of 54800?
True
Does 13 divide 4364882?
False
Is 54 a factor of 344196?
True
Is 2061078 a multiple of 21?
False
Does 30 divide 2608525?
False
Does 78 divide 10793643?
False
Is 369665 a multiple of 649?
False
Is 2920272 a multiple of 90?
False
Does 22 divide 2289055?
False
Is 6 a factor of 1136603?
False
Is 8 a factor of 49864?
True
Does 87 divide 1766013?
True
Is 17 a factor of 165733?
True
Does 89 divide 2623809?
True
Does 249 divide 26859381?
True
Does 347 divide 3246814?
False
Does 61 divide 3382943?
False
Does 125 divide 99250?
True
Is 45 a factor of 1508130?
True
Is 9375263 a multiple of 464?
False
Does 231 divide 473550?
True
Is 257 a factor of 915691?
True
Is 317016 a multiple of 17?
True
Is 36690 a multiple of 90?
False
Is 12 a factor of 10753284?
True
Is 1389532 a multiple of 218?
True
Is 134 a factor of 61162?
False
Is 534 a factor of 379926?
False
Is 692274 a multiple of 90?
False
Is 20762560 a multiple of 920?
True
Is 61 a factor of 22495458?
True
Does 114 divide 5544618?
True
Is 31 a factor of 237026?
True
Does 72 divide 3959411?
False
Does 5 divide 8918987?
False
Is 14 a factor of 594835?
False
Is 45 a factor of 2329605?
True
Is 124879 a multiple of 190?
False
Is 1069 a factor of 7810114?
True
Is 319 a factor of 2653761?
True
Is 144 a factor of 600768?
True
Does 116 divide 639213?
False
Does 126 divide 244818?
True
Does 344 divide 435848?
True
Is 62250 a multiple of 83?
True
Is 249 a factor of 5325861?
True
Is 63 a factor of 845145?
True
Is 47652 a multiple of 418?
True
Is 53 a factor of 6546877?
False
Does 213 divide 2714898?
True
Is 13304828 a multiple of 70?
False
Is 217100 a multiple of 65?
True
Is 161050 a multiple of 3?
False
Is 41 a factor of 156993?
False
Is 25 a factor of 780225?
True
Does 46 divide 155664?
True
Is 128109 a multiple of 29?
False
Does 44 divide 3435608?
True
Is 411136 a multiple of 214?
False
Does 50 divide 101209?
False
Is 69 a factor of 521433?
True
Does 154 divide 21408?
False
Is 451 a factor of 913726?
True
Is 99030 a multiple of 114?
False
Does 378 divide 14568498?
True
Is 6148161 a multiple of 24?
False
Is 1500522 a multiple of 939?
True
Is 57 a factor of 79860?
False
Is 111 a factor of 387057?
True
Is 8 a factor of 36536?
True
Is 27740 a multiple of 54?
False
Is 7020725 a multiple of 79?
False
Does 162 divide 336216?
False
Is 747807 a multiple of 5?
False
Is 104 a factor of 3324181?
False
Is 1075 a multiple of 24?
False
Is 653778 a multiple of 209?
False
Does 14 divide 549598?
True
Does 19 divide 7969493?
True
Does 549 divide 4525435?
False
Does 61 divide 594262?
True
Does 854 divide 372344?
True
Does 45 divide 94052?
False
Is 22820003 a multiple of 1033?
True
Is 140 a factor of 436202?
False
Does 268 divide 6268252?
True
Is 203 a factor of 1059051?
True
Is 19 a factor of 119814?
True
Does 13 divide 9041?
False
Is 119 a factor of 838593?
True
Is 310251 a multiple of 28?
False
Is 5745597 a multiple of 143?
True
Does 88 divide 9922?
False
Is 3707489 a multiple of 13?
False
Is 38 a factor of 63954?
True
Does 574 divide 8742736?
False
Is 2 a factor of 58043?
False
Is 778855 a multiple of 245?
True
Is 1441 a factor of 12910053?
False
Is 86 a factor of 21758?
True
Is 226 a factor of 236268?
False
Does 33 divide 11695728?
True
Is 8 a factor of 4954552?
True
Is 8 a factor of 782328?
True
Is 356 a factor of 291395?
False
Does 36 divide 100584?
True
Does 16 divide 165089?
False
Is 145 a factor of 242923?
False
Is 54 a factor of 21226?
False
Does 15 divide 13120314?
False
Is 1477445 a multiple of 209?
False
Is 92 a factor of 9090469?
False
Is 160954 a multiple of 23?
True
Does 442 divide 303654?
True
Is 11 a factor of 1839981?
True
Does 195 divide 129655?
False
Is 12678758 a multiple of 41?
True
Is 301784 a multiple of 28?
True
Does 47 divide 318522?
False
Is 499961 a multiple of 301?
True
Is 20 a factor of 472960?
True
Is 14749642 a multiple of 34?
True
Is 115 a factor of 4714882?
False
Does 352 divide 323840?
True
Is 52 a factor of 3337764?
False
Does 7 divide 150101?
True
Does 2 divide 3219?
False
Is 24 a factor of 1007435?
False
Is 88486 a multiple of 13?
False
Is 335 a factor of 1671650?
True
Is 805664 a multiple of 32?
True
Is 274303 a multiple of 9?
False
Does 2 divide 3796890?
True
Is 87280 a multiple of 8?
True
Is 42 a factor of 330078?
True
Does 630 divide 1015560?
True
Does 52 divide 490880?
True
Does 418 divide 1275197?
False
Is 39 a factor of 496086?
False
Is 13934 a multiple of 10?
False
Does 2440 divide 9252115?
False
Is 25 a factor of 138582?
False
Does 10 divide 4888690?
True
Does 7 divide 308091?
True
Is 208641 a multiple of 28?
False
Is 8 a factor of 3932098?
False
Does 55 divide 6900850?
True
Is 113 a factor of 1517926?
False
Does 102 divide 28180458?
True
Is 436 a factor of 69197?
False
Does 830 divide 11271108?
False
Is 191 a factor of 78310?
True
Is 141 a factor of 15078822?
True
Is 14695 a multiple of 5?
True
Does 17 divide 72794?
True
Is 155 a factor of 117173?
False
Does 3 divide 6781?
False
Does 1826 divide 1128468?
True
Is 49 a factor of 403123?
True
Does 952 divide 11958072?
True
Is 79717 a multiple of 143?
False
Does 115 divide 834453?
False
Is 15277407 a multiple of 867?
True
Is 151118 a multiple of 6?
False
Is 258 a factor of 9150747?
False
Does 252 divide 399587?
False
Is 41 a factor of 94765?
False
Is 166738 a multiple of 26?
True
Is 135 a factor of 227475?
True
Is 11 a factor of 539?
True
Is 71 a factor of 58291?
True
Is 531 a factor of 597906?
True
Is 639114 a multiple of 362?
False
Is 246 a factor of 294216?
True
Does 139 divide 173985?
False
Is 196 a factor of 333396?
True
Is 139172 a multiple of 4?
True
Does 10 divide 57600?
True
Is 17 a factor of 1391233?
False
Is 25 a factor of 47238?
False
Does 167 divide 9339398?
False
Is 253 a factor of 293986?
True
Does 359 divide 1054742?
True
Is 1091 a factor of 12961080?
True
Is 156860 a multiple of 94?
False
Does 35 divide 56558?
False
Does 244 divide 1160708?
True
Is 70 a factor of 348390?
True
Does 16 divide 80601?
False
Is 624 a factor of 2122848?
True
Is 4 a factor of 20988?
True
Is 1567277 a multiple of 541?
True
Does 89 divide 1587849?
True
Does 22 divide 25518?
False
Is 24 a fa